 z(x) = -3*x**2 + 4*x - 3. What is z(l)?
-7
Let u(d) be the second derivative of 0 + 1/2*d**2 + 1/2*d**3 + 1/12*d**4 + 3*d. Determine u(-3).
1
Let y be -3*((-44)/12 + 2). Suppose 0*k + 2*k = 4. Let g(f) = -k*f + 8*f - 5 - y*f. Give g(6).
1
Let i(b) be the first derivative of 2*b + 31 - 2/3*b**3 + 0*b**2. Give i(-3).
-16
Let k(b) = -3*b + 3. Let z be k(-2). Suppose p = 4, 4*i - 2*p - 31 = 53. Let h(c) = -i + 17 + z + c. Calculate h(4).
7
Let f(t) = t**3 + 4 - 7*t - 2 - 6*t**2 + 2. Suppose h - 5*s + 8 = -5, 11 = h + s. What is f(h)?
4
Let m(n) = -44*n**3 + 24*n**3 + 19*n**3 - 2 + 3*n. Determine m(2).
-4
Let s = 157 - 159. Let t(y) = -10*y**2 - 1. Give t(s).
-41
Suppose -4*j = -5*d + 15, -4*j + 12 = 3*d + 3. Let f(t) = -13*t**3 - 3*t**2 + 4. Let p(l) = -35*l**3 - 8*l**2 + 12. Let w(r) = -8*f(r) + 3*p(r). Calculate w(j).
4
Let z(k) = -11*k**2 - 2*k**3 - 11*k + 52 - 119 + k**3 + 56 + 0*k**3. Calculate z(-10).
-1
Let v = 494 + -494. Let u(m) be the third derivative of -m**7/5040 + m**6/180 - m**5/30 - m**2. Let o(r) be the third derivative of u(r). Give o(v).
4
Let r(x) be the first derivative of x**3/3 + x**2 + 5*x + 40. Give r(4).
29
Let w(m) = -4*m**2 + 68 + 41*m + 67 - 205 + 69. Calculate w(10).
9
Let x(t) = -4*t**3 - 10*t**2 + 3*t - 12. Let v(c) = -c**3 - c**2 - 1. Let l(r) = -5*v(r) + x(r). Let u be (-2)/(3/(-36)*-3). Let s = u - -13. Determine l(s).
8
Let q(c) = c**2 - 6*c + 3. Let t(u) = -2*u**2 + 11*u - 5. Let l(a) = 5*q(a) + 2*t(a). Let h = -477 - -483. Calculate l(h).
-7
Let m(w) = 3*w + 3. Let n be m(-2). Suppose -2646 = -15*p + 9*p. Let s(k) = p*k - 3 + 445*k - 891*k. Give s(n).
12
Suppose -4*d + 16 + 4 = 0. Let f = 9 + -7. Let i(z) = 8*z - 5*z - 7 - f + 5. Determine i(d).
11
Let z = 4 + -1. Let x(v) = 10 - 5*v + 3 - v**2 - 5*v**3 + 6*v**2 - 9 + 4*v**3. Calculate x(z).
7
Let o(x) = -6*x + 66. Let c be o(9). Suppose c*k + 4 = -32. Let w(z) = z**2 + 2*z + 3. Give w(k).
6
Suppose 2*v + 8 = 3*a + 3*v, 5*a - 5*v = 0. Let o = a - -2. Suppose 2 + 10 = o*q. Let g(y) = -2*y - 1. Determine g(q).
-7
Let h(p) be the third derivative of p**7/5040 + p**6/180 - 8*p**5/15 - 5*p**2. Let q(c) be the third derivative of h(c). Give q(7).
11
Let d(h) be the third derivative of -1/12*h**4 + 12*h**2 + 0*h + 0 - 1/6*h**3. Determine d(-3).
5
Let q(h) = -19*h**2 + 12*h + 4. Let o(x) = 4*x**2 - 3*x - 1. Let s(i) = 9*o(i) + 2*q(i). Let f(k) = k - 6. Let y be f(4). Calculate s(y).
-3
Let i(r) = r**2 + r - 8. Let k = 541 - 544. Give i(k).
-2
Let a be -1*(4 + -19 + 0). Let s = -17 + a. Let p(u) be the first derivative of 2*u**3/3 + u**2/2 - 1. Determine p(s).
6
Suppose 11*a - 7*a = 8. Let o(d) = -7 + a*d + 5 + 0*d. Suppose 29 = -5*c + 9. Give o(c).
-10
Let b = 14 - 9. Let i(m) = 5*m**2 - 17*m + 72 - 1 - 30 - 2*m. Let v(p) = -p**2 + 4*p - 8. Let z(g) = 2*i(g) + 11*v(g). Determine z(b).
-1
Let d(n) = -n**3 + 6*n**2 - 4*n - 4. Let v(t) = -t - 1. Let f(z) = d(z) - 3*v(z). Suppose 0 = -4*a + 5*m + 14, 4*a - m = -0*a + 22. Calculate f(a).
-7
Let b(t) = -t**2 - 13*t - 7. Suppose 4*y + 42 = -5*q, -y + 40 = -5*q - 6*y. Give b(q).
23
Let b be 72/756 - 172/42. Let f(s) = s**3 + 5*s**2 - 4. Determine f(b).
12
Let f(l) = -l**3 + 0*l**2 - 2*l**2 + 6*l - 3*l**2. Let u be f(-6). Let v(y) = u*y**2 + y + y**2 + 2*y**2 - 2*y**2. What is v(2)?
6
Let p(r) = -18*r - 17. Suppose 53*h + 2 = 2*f + 54*h, -5*h + 15 = 5*f. What is p(f)?
1
Let t(h) = h**2 - 3 + 0*h - 2*h**2 + 5*h. Let x(q) = -2 + 2*q**2 - 2*q - 3*q**3 + 0*q + 5*q - 4*q. Let w be x(-1). Give t(w).
1
Suppose 44*m = 41*m + 3. Let k(o) = -o**3 + 6*o**2 + 8*o - 9. Let r(x) = 1. Let d(h) = m*k(h) - r(h). Calculate d(7).
-3
Let g(i) = -i - 9. Suppose 4*d - 21 = -4*l - 5, -32 = -4*l + 4*d. Suppose -l*t + t - 40 = 0. Give g(t).
-1
Suppose -m + 7 = -2. Let p(q) = m + q - 2 + 5. Determine p(-9).
3
Let d(f) = f**2 - 6*f + 1. Suppose 35 = 3*m + 17. Determine d(m).
1
Let n(b) = -b**2 + 6*b + 1. Let i(k) = 2*k**2 - 12*k - 1. Let s(m) = 3*i(m) + 5*n(m). Let q = -71 - -83. Suppose -20*p - q = -22*p. What is s(p)?
2
Let u(z) = -z**2 - 3*z + 1. Suppose 4*d - d = 45. Suppose -12*y + d*y = -12. Give u(y).
-3
Suppose 13*l - 34*l + 168 = 0. Let h(o) = 3*o - 28. Calculate h(l).
-4
Let k = 10 - 5. Let g(l) be the third derivative of -l**6/120 + l**5/12 - l**4/24 - 2*l**2 - 16. Determine g(k).
-5
Let x(r) = -2*r**3. Suppose 4*p = 2*z + 355 - 1, -z = -3*p + 263. Let w = 88 - p. Determine x(w).
-16
Suppose 31*u - 95 - 153 = 0. Let c(b) = b**3 - 9*b**2 + 7*b + 12. What is c(u)?
4
Let m = -35 + 65. Let d(t) = -4*t + 3*t - m + 20. Determine d(-5).
-5
Let r(u) = u**3 + 2*u**2 - u - 2. Let o be r(-3). Let b be (6/o)/(24/(-64)). Let z(p) = 2*p**3 - 2*p**2 - 3*p + 3. Determine z(b).
5
Let f(a) = a**2 + 3*a + 7. Let t = 16 + 7. Let g = t - 28. Determine f(g).
17
Let v = -21 + 45. Let r = 25 - v. Let l(t) = 7*t + 1. Calculate l(r).
8
Let j(t) = t**2 - 3*t. Let b = -222 + 219. Calculate j(b).
18
Let w be 4 + ((-24)/18 + 1)*0. Let g(v) = -2*v - 12. What is g(w)?
-20
Let h(z) = 2*z**2. Suppose -2*u = 8*j - 3*j + 13, -3*u + 3 = 0. Give h(j).
18
Let o(x) = 5*x + 30. Suppose -175*m + 186*m + 88 = 0. Determine o(m).
-10
Let o = 84 - 92. Let z(s) = s + 7. Calculate z(o).
-1
Suppose 0 = 2*g - 0 - 4, -a - 14 = -5*g. Let b(c) = -c - 9. Calculate b(a).
-5
Let s(i) = 5*i**2 - 3*i - 4. Let f(c) = c**2 - 31*c + 241. Let p be f(17). Calculate s(p).
32
Let q(u) = -27 - 23 - u - 34 + 125 - 35. Give q(-10).
16
Let g(z) be the third derivative of z**4/24 + 2*z**3 + 7*z**2 + 8*z. What is g(-10)?
2
Let s(b) be the third derivative of -b**6/360 - b**4/4 + 5*b**3/6 - 2*b**2. Let k(f) be the first derivative of s(f). Let g = -10 + 10. Determine k(g).
-6
Let p = 20 + -44. Let j = p - -25. Let f(h) = -3*h**3 + 1 + h - h**2 - 2 - 2*h**3. Give f(j).
-6
Suppose 7*i - 21 + 56 = 0. Let k(q) = 2*q**2 + 6*q - 3. Give k(i).
17
Let p(v) = 26*v - 5. Let f(r) = 1 - 3*r + r - r - 2*r. Suppose -3*q - 9 = -3. Let o(c) = q*p(c) - 11*f(c). What is o(-1)?
-4
Let g(w) = -3*w - 12. Let z(r) = -4*r - 13. Let s(u) = -3*g(u) + 2*z(u). Let o = 5 + -3. Suppose -3*p = -o*p + 6. What is s(p)?
4
Let l(j) = 8*j. Let t be l(1). Let y(r) = -r - 74 + 0*r + 77. Calculate y(t).
-5
Suppose 0 = -f - 17 + 19. Let b(y) = 8 - f - 5 + 0*y - 2*y. Determine b(3).
-5
Let f(s) = -s**2 - 9. Let m(o) = -o**3 - 8*o**2 + 9*o - 10. Let c be m(-9). Let d = -8 - c. Suppose d*t + 3*t = 0. What is f(t)?
-9
Suppose 0 = 22*m - 38 - 6. Suppose -52 = -5*n + 4*d, 3*d = -3*n + d + 18. Let y(o) = -2 + o - n - 6*o**2 + 5*o**m. Give y(0).
-10
Let v(z) = z**2 - 9*z + 18. Suppose -3*h + 16 = -8. Give v(h).
10
Suppose 3*p = 4*q - 131, 2*q + 5*p + 17 = 76. Let y = q + -31. Let z(a) = -3*a**2 - 2*a + 1. Determine z(y).
-4
Suppose 0*z + 2 = -5*m + z, 2*z + 8 = -2*m. Let s = m + 3. Suppose -3*j = -4*g + j + 36, -s*g + 5*j = -33. Let k(v) = -v. Determine k(g).
-4
Let r(s) = -s**2 + 11*s + 9. Suppose l = y + 11, 32 = 3*l + 2*y - 1. Determine r(l).
9
Let w(h) = -h**2 + 11*h - 1. Let j = 12 - 2. Give w(j).
9
Let d(h) = -4 + 5 + 2 - 3 - h. Determine d(-2).
2
Let y(a) = -2 - 30*a + a**2 + 17*a + 7*a. Suppose 3*h = -c + 15, 0 = -3*h + 5*h - 4*c - 24. Give y(h).
-2
Let c(k) = k + 1. Let r(z) = -z**2 + 14*z - 13. Let b be r(12). Let s = -4 + b. Determine c(s).
8
Let z(m) = m**3 + 3*m**2 - 4*m - 2. Suppose -7 - 13 = -5*w. Let o be 2/(-6)*1*(-6)/2. Let p = o - w. Determine z(p).
10
Let u(j) = -22 - 5*j - 13 - 25 + 59. Suppose -3*z - z + g = 12, g + 3 = -z. Calculate u(z).
14
Let n(s) = s**3 + 3*s**2 - 2*s - 1. Suppose 2*c = 3*a - 32, -4*c + 9*c = -a + 39. Let d = a - 16. Calculate n(d).
7
Let t(j) = -6 + 13*j**2 + 3*j**3 - 4*j**3 - 6*j**2 + j. Let f be t(7). Let w(d) be the third derivative of 3*d**4/8 - d**3/6 - 2281*d**2. Give w(f).
8
Suppose 2*h = -33 - 37. Let j = 42 + h. Let p(z) = -2*z - z**2 + 3*z + j + 5*z - z. Calculate p(7).
-7
Let b(s) = -s - 1. Suppose -2*h - j = 4*j + 21, 2*h + 3*j = -11. Let d be b(h). Let y(k) = 2*k**2 + 2*k - 4. Give y(d).
8
Let z = 342 + -342. Let a(t) be the third derivative of -1/3*t**3 + 1/30*t**5 - 5*t**2 + z*t + 0*t**4 + 0. What is a(-2)?
6
Let a(c) be the third derivative of -c**5/60 - c**4/24 - c**3/6 - 4*c**2 + c. Let h(x) = -x**3 - 8*x**2 + 5*x - 12. Let u(f) = -a(f) + h(f). Calculate u(-8).
5
Let f(g) = g - 7. Let l be f